s digit of 119892236?
2
What is the ten millions digit of 2274397319?
7
What is the hundred thousands digit of 3434282523?
2
What is the hundreds digit of 165340766?
7
What is the hundred millions digit of 194511384?
1
What is the millions digit of 272120094?
2
What is the hundred thousands digit of 33951321?
9
What is the thousands digit of 34684992?
4
What is the hundred thousands digit of 2099524820?
5
What is the ten thousands digit of 23094932?
9
What is the ten thousands digit of 1168023835?
2
What is the units digit of 2006735186?
6
What is the ten thousands digit of 703893310?
9
What is the units digit of 2224973?
3
What is the tens digit of 152066946?
4
What is the thousands digit of 83375963?
5
What is the thousands digit of 3969303799?
3
What is the billions digit of 3196834195?
3
What is the thousands digit of 58044684?
4
What is the hundred thousands digit of 419605888?
6
What is the millions digit of 96448738?
6
What is the hundreds digit of 4462024557?
5
What is the units digit of 194905501?
1
What is the ten thousands digit of 79789992?
8
What is the hundred millions digit of 853178598?
8
What is the hundred thousands digit of 763723530?
7
What is the hundreds digit of 873499487?
4
What is the millions digit of 450708354?
0
What is the ten millions digit of 1346574209?
4
What is the thousands digit of 178039974?
9
What is the ten millions digit of 1825632401?
2
What is the hundred millions digit of 153400278?
1
What is the hundred millions digit of 112329896?
1
What is the thousands digit of 16191683?
1
What is the hundreds digit of 24453854?
8
What is the tens digit of 14296746?
4
What is the hundred thousands digit of 2969633278?
6
What is the thousands digit of 81127257?
7
What is the ten thousands digit of 3016227328?
2
What is the thousands digit of 30882040?
2
What is the tens digit of 75259040?
4
What is the hundred thousands digit of 4664951790?
9
What is the millions digit of 273285424?
3
What is the thousands digit of 1184063047?
3
What is the ten millions digit of 890014382?
9
What is the hundred thousands digit of 1093239?
0
What is the units digit of 5189931?
1
What is the hundred thousands digit of 190455835?
4
What is the hundred thousands digit of 17608852?
6
What is the tens digit of 13654390?
9
What is the hundred thousands digit of 453741825?
7
What is the units digit of 137801790?
0
What is the ten millions digit of 988774334?
8
What is the hundred millions digit of 8195405791?
1
What is the hundreds digit of 48806150?
1
What is the thousands digit of 609866741?
6
What is the ten millions digit of 40348022?
4
What is the ten thousands digit of 660572609?
7
What is the hundred thousands digit of 6322092717?
0
What is the units digit of 39438062?
2
What is the units digit of 475940768?
8
What is the thousands digit of 417575175?
5
What is the hundred thousands digit of 22723701?
7
What is the hundreds digit of 24433800?
8
What is the thousands digit of 5131519848?
9
What is the tens digit of 296636347?
4
What is the units digit of 590460439?
9
What is the hundreds digit of 1352713794?
7
What is the ten thousands digit of 164196487?
9
What is the tens digit of 103786705?
0
What is the hundred thousands digit of 1871607844?
6
What is the millions digit of 3449851804?
9
What is the tens digit of 4971380399?
9
What is the ten thousands digit of 3240569859?
6
What is the hundreds digit of 3336854275?
2
What is the ten millions digit of 66047035?
6
What is the tens digit of 934171557?
5
What is the hundred millions digit of 2124249439?
1
What is the thousands digit of 39996136?
6
What is the billions digit of 1264306526?
1
What is the tens digit of 3351988006?
0
What is the units digit of 10014611?
1
What is the ten millions digit of 201121651?
0
What is the millions digit of 189391840?
9
What is the tens digit of 393293896?
9
What is the units digit of 427782541?
1
What is the thousands digit of 60709009?
9
What is the hundred millions digit of 1424284682?
4
What is the hundreds digit of 3452960?
9
What is the millions digit of 271563210?
1
What is the millions digit of 194192263?
4
What is the millions digit of 215805653?
5
What is the ten thousands digit of 2109366?
0
What is the hundreds digit of 145848836?
8
What is the tens digit of 30332487?
8
What is the ten millions digit of 54295907?
5
What is the hundred millions digit of 262880813?
2
What is the ten millions digit of 1079579882?
7
What is the hundred millions digit of 3463384389?
4
What is the hundred millions digit of 238533219?
2
What is the hundred thousands digit of 594460496?
4
What is the hundred thousands digit of 146643036?
6
What is the millions digit of 320777518?
0
What is the units digit of 63674078?
8
What is the units digit of 73445981?
1
What is the units digit of 108012900?
0
What is the hundred thousands digit of 3916537?
9
What is the tens digit of 11401242?
4
What is the hundred millions digit of 626944275?
6
What is the millions digit of 451129667?
1
What is the hundred thousands digit of 155901767?
9
What is the thousands digit of 4383997566?
7
What is the units digit of 21208548?
8
What is the ten millions digit of 265684517?
6
What is the hundred thousands digit of 53167957?
1
What is the tens digit of 18529940?
4
What is the millions digit of 4946337486?
6
What is the ten thousands digit of 4819175329?
7
What is the hundred thousands digit of 35074822?
0
What is the hundred millions digit of 253183321?
2
What is the millions digit of 1081182399?
1
What is the hundred thousands digit of 1175199114?
1
What is the hundred thousands digit of 2097347860?
3
What is the ten thousands digit of 64322868?
2
What is the hundred thousands digit of 15602063?
6
What is the ten millions digit of 1749962866?
4
What is the billions digit of 4034194507?
4
What is the units digit of 23008756?
6
What is the units digit of 250427063?
3
What is the hundred millions digit of 3837466183?
8
What is the tens digit of 53422153?
5
What is the ten thousands digit of 246136245?
3
What is the ten millions digit of 29401902?
2
What is the ten millions digit of 92060036?
9
What is the millions digit of 29574878?
9
What is the thousands digit of 107443395?
3
What is the ten thousands digit of 21160209?
6
What is the hundreds digit of 735539260?
2
What is the thousands digit of 14806607?
6
What is the hundred millions digit of 131270783?
1
What is the hundreds digit of 127130699?
6
What is the ten millions digit of 2355964058?
5
What is the tens digit of 1112532759?
5
What is the ten thousands digit of 875748932?
4
What is the units digit of 271163880?
0
What is the millions digit of 43681818?
3
What is the hundred millions digit of 104921222?
1
What is the hundreds digit of 2912505360?
3
What is the ten thousands digit of 88570777?
7
What is the hundred thousands digit of 673094599?
0
What is the units digit of 51849890?
0
What is the thousands digit of 2180905057?
5
What is the tens digit of 67533761?
6
What is the tens digit of 1346419880?
8
What is the ten thousands digit of 79216392?
1
What is the thousands digit of 92312384?
2
What is the ten millions digit of 345234575?
4
What is the millions digit of 306942599?
6
What is the tens digit of 84640480?
8
What is the millions digit of 6455644763?
5
What is the millions digit of 132066473?
2
What is the ten millions digit of 12872530?
1
What is the hundreds digit of 21442548?
5
What is the hundreds digit of 96145229?
2
What is the millions digit of 417508918?
7
What is the tens digit of 25443396?
9
What is the ten millions digit of 81049643?
8
What is the hundred thousands digit of 35728601?
7
What is the units digit of 308559391?
1
What is the units digit of 394859536?
6
What is the millions digit of 417647454?
7
What is the millions digit of 321488868?
1
What is the hundred thousands digit of 233380111?
3
What is the tens digit of 123692303?
0
What is the hundred thousands digit of 292307224?
3
What is the hundred thousands digit of 206399519?
3
What is the thousands digit of 46527602?
7
What is the hundred thousands digit of 14379142?
3
What is the ten millions digit of 117670278?
1
What is the hundreds digit of 406032175?
1
What is the tens digit of 8899043?
4
What is the units digit of 39370334?
4
What 